ors of o.
3
Let a = -21 - -28. Suppose -a*y + 98 = -147. List the prime factors of y.
5, 7
Let s = 54 - 27. Suppose -2*n + 0*m = -m - 121, 3*m = 5*n - 300. Let c = n - s. What are the prime factors of c?
2, 3
Let s(q) = -q**3 - 22*q**2 + 23*q - 41. List the prime factors of s(-24).
13, 43
Suppose 13*j + 0*j - 1963 = 0. What are the prime factors of j?
151
Suppose 2*s + 2*y = 226, 0*s + 4*y = 2*s - 232. Let l = s + -39. What are the prime factors of l?
3, 5
Let l(g) be the third derivative of -g**4/24 - 3*g**2. Let c be l(-2). Suppose -2*y = -5*j + 96, -j + c*j + 2*y - 24 = 0. List the prime factors of j.
2, 5
Let p(g) = -18*g - 4. Let b be p(5). Let o = -46 - b. What are the prime factors of 1 - (o/(-4) + 0)?
13
Let a be ((-2)/2)/((10/2)/5). Let f = 42 - a. What are the prime factors of f?
43
Suppose -4*u + 1226 = 3*g, 0*g = g + u - 407. What are the prime factors of g?
2, 3, 67
Let q(n) = -4*n - 21. Let b be q(-6). Suppose 33 = a - 3*s, b*a + 6*s - 47 = 2*s. What are the prime factors of a?
3, 7
Let i(x) = -14*x - 25. What are the prime factors of i(-25)?
5, 13
Suppose -54*u + 28*u + 30524 = 0. What are the prime factors of u?
2, 587
Let p(z) = -z**3 - 3*z**2 - 5*z. Let g be p(7). What are the prime factors of g/(-10) - (-1)/2?
53
Let k(m) = -2*m - 38. Let d be k(-16). List the prime factors of (126/(-35))/(d/45).
3
Suppose -2*z = i - 5869, -4*z + z + 8826 = -3*i. List the prime factors of z.
3, 11, 89
Let h(x) be the first derivative of -x**4/2 - 5*x**3/6 + 7*x**2/2 - 7. Let j(m) be the second derivative of h(m). List the prime factors of j(-2).
19
Let k(q) = 398*q**2 - q - 1. What are the prime factors of k(-1)?
2, 199
Let r = 46 + -43. Let w(l) = l**3 + 5*l**2 - 3*l + 2. What are the prime factors of w(r)?
5, 13
Suppose -25*l = -20*l. Suppose l*m + m - 101 = 0. What are the prime factors of m?
101
Suppose -2*i - 4*x = 2*i - 4, -i = -3*x - 21. Let b(n) = n**3 - 3*n**2 + n. Let y be b(0). Suppose y = -d + i + 9. List the prime factors of d.
3, 5
Let v(n) = -186*n**2 - 17*n. Let y(s) = -31*s**2 - 3*s. Let x(r) = -6*v(r) + 34*y(r). List the prime factors of x(-1).
2, 31
Let j(y) = 1119*y**2 + 31*y + 64. What are the prime factors of j(-2)?
2, 2239
List the prime factors of 27/3 - (-167466)/39.
13, 331
Suppose -4333 + 313 = -30*i. Let n = -45 + -39. Let w = n + i. What are the prime factors of w?
2, 5
Suppose 327 = 3*c - 33. Suppose 0*s - 244 = -4*p - 5*s, -c = -2*p - 3*s. List the prime factors of p.
2, 3, 11
Let s = 56 - -4. Let d = -10 + s. Suppose -4*r + d = 2*c - 0*c, -3*r + 3 = 0. List the prime factors of c.
23
Let v(u) = u**2 + 3*u - 1 + 0 - 2*u**3 - 3*u**2 + 4. Let x be v(-2). Suppose -d + 2*d - 66 = -4*c, -3*c + x*d = -38. What are the prime factors of c?
2
Suppose 15*t = 10*t + 20. Suppose -t*x + 2002 = 10*x. List the prime factors of x.
11, 13
Let s(i) = -3*i + 3 - 21*i - 6 + 1. List the prime factors of s(-6).
2, 71
Let k be (-12)/(0 - (-10)/(-15)). List the prime factors of 34 - 0 - (22 - k).
2, 3, 5
Let v be 9/1*3/3. Suppose 579 = v*o - 6*o. List the prime factors of o.
193
Let g = 36 + -183. Let r be (g/(-5))/(2/10). Suppose 0 = 2*m - 5*m + r. What are the prime factors of m?
7
Suppose 3*h + 4*y = 1626, 2*h = 2*y + 124 + 960. List the prime factors of h.
2, 271
Suppose -g = -4*g + 3, -4*p = -4*g - 3668. What are the prime factors of p?
2, 3, 17
Let s(a) = a**3 - 5*a**2 - 8*a - 1. Let p be s(6). Let x be (-9)/(-3) - (1 - p). Let h = 14 + x. List the prime factors of h.
3
Let a = -558 - -903. What are the prime factors of a?
3, 5, 23
Let u be (-1 + -8*1)*1. Let k = 9 - u. List the prime factors of k.
2, 3
Let z(y) = -y + 14. Let n be z(12). What are the prime factors of ((-5)/(-10))/(n/112)?
2, 7
Suppose 4*a = q + 14, 2 = -3*q - 2*q + 3*a. Suppose 0 = 4*k + b - 19, q*b - 1 + 3 = 0. Suppose -k*p + 0 = -25. What are the prime factors of p?
5
Suppose 2*f + 8 = -4*t, 3*t - 1 + 0 = -f. What are the prime factors of ((-7)/(-2))/((-105)/f - 7)?
7
Let r = -24 + 38. Let l(w) = w**3 - 14*w**2 + 2*w + 6. What are the prime factors of l(r)?
2, 17
Suppose -q - 3*q + 8 = 0. Let b(c) = 3*c**q - c**2 + 2*c**2 - 3*c**2 - c + 8. What are the prime factors of b(0)?
2
Suppose 4*z + 237 = -3*i + 1842, -2*z + i + 815 = 0. What are the prime factors of z?
3, 5
Let k = -269 - -499. List the prime factors of k.
2, 5, 23
Let u = -33 + 90. What are the prime factors of (-1)/(4/(-18))*76/u?
2, 3
Let q = 489 + -323. What are the prime factors of q?
2, 83
Suppose -7*j = -4*j - 6. Suppose j*v = -0 + 12. What are the prime factors of v?
2, 3
Suppose 3*a - 6*a = -18. Suppose -3*l - a = x, 2*x - 12 = -3*l + 7*x. List the prime factors of -1 + (-14 + -4)/l.
17
Suppose -7*l - 25 = -4. What are the prime factors of ((-39)/12)/(l/12)?
13
Let m(f) = 117*f - 66. What are the prime factors of m(4)?
2, 3, 67
Suppose -12*i + 10*i - a + 2253 = 0, -a + 4505 = 4*i. What are the prime factors of i?
2, 563
Suppose 3*r + 5*b - 95 = 0, -r + 4*r - 110 = -2*b. Let j be ((-18)/4)/(30/r). Let v = j + 15. List the prime factors of v.
3
Suppose 5*w = -4*o + 7*o - 233, -o - 5*w = -111. What are the prime factors of o?
2, 43
Let f(l) = l**3 + 3*l**2 - 6*l + 1. Let x be f(-5). Let v = -32 - x. Let s = v + 58. List the prime factors of s.
3, 5
Suppose 0 = -48*f - 5*f + 81196. List the prime factors of f.
2, 383
Suppose -1 = 6*f + 17. List the prime factors of 5672/24 - (-1)/f.
2, 59
List the prime factors of 8664/36 - (-2)/(-3).
2, 3, 5
Suppose 3*y = -5*d + 4881, -6500 = y - 5*y - 4*d. List the prime factors of y.
2, 811
Suppose -l - 3*l + 8 = -4*v, -3*l + 8 = -5*v. List the prime factors of -44*l/(3/(-6)).
2, 11
Let d(u) = 2*u**3 - 2*u**2. Let c be d(2). Let p be 450/55 - 2/11. Suppose x - p = c. List the prime factors of x.
2
Let a be (10 + 2)*(-6)/(-4). Let t be (-728)/(-36) - 4/a. Suppose t = 2*u + 3*u. What are the prime factors of u?
2
Let f(h) = 4*h**3 + 6*h**2 - 5*h + 2. Let j(y) = y**3 - 1. Let w(d) = f(d) - 3*j(d). What are the prime factors of w(-5)?
5, 11
What are the prime factors of (-598)/(-2) - (2 - -3)?
2, 3, 7
Let z = -362 - -523. What are the prime factors of z?
7, 23
Let a be 48/21 - (-14)/(-49). Suppose 326 = a*b - 4*x, -4 = -2*x - 6. List the prime factors of b.
7, 23
Let l(c) = -c**3 - 8*c**2 + 7*c - 2. Suppose -3*r - i + 2 = -20, 3*i = 2*r - 33. Suppose 2*k + r = k. List the prime factors of l(k).
2
Let h be 0 + 4/12*15. Let d be h/(-10) - (-14)/4. List the prime factors of (92/(-6))/((-1)/d).
2, 23
Let i(x) = -42*x + 20. What are the prime factors of i(-4)?
2, 47
Let x = 691 - 454. List the prime factors of x.
3, 79
List the prime factors of 18/(-6) + 2 + 233.
2, 29
Suppose 21*r - 33*r = -9468. List the prime factors of r.
3, 263
Let r(x) = -116*x + 8. List the prime factors of r(-3).
2, 89
Let f(p) = -p**3 - p**2 + 2*p - 4. Suppose 5*z = -0*z + 10. Let q be f(z). List the prime factors of 36 - (4 + q)/2.
2, 5
Suppose 2405 = -8*u + 9981. What are the prime factors of u?
947
Suppose -2*c + 3*l = -14, 0*c + l + 3 = -c. Suppose 3*u + c = 172. Suppose x - 6 = u. List the prime factors of x.
3, 7
Let k(v) = 4*v**2 + 23. Let w be k(7). Suppose 373 + w = 4*n. List the prime factors of n.
2, 37
Suppose 0*s + 4*s - 5*u + 2 = 0, -3*u + 10 = 2*s. Suppose -5*d + 3*d + 680 = -s*n, -2*d + 677 = n. List the prime factors of d.
3, 113
Let s be (2/(-3))/(18/(-135)). Suppose 6 = -2*m + s*m. Suppose -2*l = -m, l - 141 = -4*v - 0*l. List the prime factors of v.
5, 7
Let l(u) = 7*u**2 + u + 65. What are the prime factors of l(12)?
5, 7, 31
Let r be 56/70*650/4. Let v = -60 + r. What are the prime factors of v?
2, 5, 7
Suppose -19 = j + 4*c - 6, 2*j - 2*c - 24 = 0. Suppose -64 = -2*o + 4*s, 9*o - 4*s - 166 = 4*o. Let x = o - j. What are the prime factors of x?
3
Let w be -1*4*(-4 + 1*-20). Let t = w + -93. List the prime factors of t.
3
Suppose 0*u + 29*u - 113187 = 0. List the prime factors of u.
3, 1301
Let n = -16 - -18. Suppose n*q - 4 = 0, -u = 2*q + q - 1. List the prime factors of u/(-25) + (-219)/(-5).
2, 11
Suppose 0*z + 5*z - 5*o - 135 = 0, 2*o - 8 = 0. Let c be (3 - 0)/((-15)/(-20)). Suppose g = -v - g + 7, -z = -v + c*g. What are the prime factors of v?
3, 5
Let l(z) = -z + 5. Let g be l(0). Let t = g + -2. What are the prime factors of 36/8*40/t?
2, 3, 5
Let p(m) = -3*